{"id":5,"date":"2010-04-13T12:04:19","date_gmt":"2010-04-13T15:04:19","guid":{"rendered":"http:\/\/academiamusicalweb.com.ar\/1\/?page_id=5"},"modified":"2017-01-12T12:39:32","modified_gmt":"2017-01-12T15:39:32","slug":"quienes-somos","status":"publish","type":"page","link":"http:\/\/academiamusicalweb.com.ar\/1\/","title":{"rendered":"Quienes Somos"},"content":{"rendered":"<p>La <strong>Academia Musical Quilmes<\/strong> inici\u00f3 sus actividades en abril de 1992, dirigida por <strong>Margarita Swanston<\/strong>, con cursos de teclado simple y doble teclado. Gradualmente se incorporan otros cursos, en 1994 comienzan los de piano, en 1998 el Curso Estrellita, en 2001 las clases de guitarra y bajo y en 2003 las clases de canto.<\/p>\n<p>Actualmente tambi\u00e9n se dictan cursos de Saxo y Bater\u00eda.<\/p>\n<p>Desde un comienzo se trabaj\u00f3 con el <strong>\u201cSistema de Educaci\u00f3n Musical Yamaha\u201d<\/strong>, implementado para fomentar la formaci\u00f3n de instrumentistas de m\u00fasica popular con un sistema moderno y \u00e1gil. Y con la finalidad de lograr tocar r\u00e1pidamente el instrumento y de disfrutar la m\u00fasica.<\/p>\n<p>Hay cursos pensados para todas las edades.<\/p>\n","protected":false},"excerpt":{"rendered":"<p>La Academia Musical Quilmes inici\u00f3 sus actividades en abril de 1992, dirigida por Margarita Swanston, con cursos de teclado simple y doble teclado. Gradualmente se incorporan otros cursos, en 1994 comienzan los de piano, en 1998 el Curso Estrellita, en 2001 las clases de guitarra y bajo y en 2003 &#8230;<\/p>\n","protected":false},"author":16,"featured_media":0,"parent":0,"menu_order":0,"comment_status":"closed","ping_status":"open","template":"","meta":{"ngg_post_thumbnail":0,"footnotes":""},"class_list":["post-5","page","type-page","status-publish","hentry","column","threecol"],"_links":{"self":[{"href":"http:\/\/academiamusicalweb.com.ar\/1\/wp-json\/wp\/v2\/pages\/5","targetHints":{"allow":["GET"]}}],"collection":[{"href":"http:\/\/academiamusicalweb.com.ar\/1\/wp-json\/wp\/v2\/pages"}],"about":[{"href":"http:\/\/academiamusicalweb.com.ar\/1\/wp-json\/wp\/v2\/types\/page"}],"author":[{"embeddable":true,"href":"http:\/\/academiamusicalweb.com.ar\/1\/wp-json\/wp\/v2\/users\/16"}],"replies":[{"embeddable":true,"href":"http:\/\/academiamusicalweb.com.ar\/1\/wp-json\/wp\/v2\/comments?post=5"}],"version-history":[{"count":0,"href":"http:\/\/academiamusicalweb.com.ar\/1\/wp-json\/wp\/v2\/pages\/5\/revisions"}],"wp:attachment":[{"href":"http:\/\/academiamusicalweb.com.ar\/1\/wp-json\/wp\/v2\/media?parent=5"}],"curies":[{"name":"wp","href":"https:\/\/api.w.org\/{rel}","templated":true}]}}

<p>La <strong>Academia Musical Quilmes</strong> inició sus actividades en abril de 1992, dirigida por <strong>Margarita Swanston</strong>, con cursos de teclado simple y doble teclado. Gradualmente se incorporan otros cursos, en 1994 comienzan los de piano, en 1998 el Curso Estrellita, en 2001 las clases de guitarra y bajo y en 2003 las clases de canto.</p>
<p>Actualmente también se dictan cursos de Saxo y Batería.</p>
<p>Desde un comienzo se trabajó con el <strong>“Sistema de Educación Musical Yamaha”</strong>, implementado para fomentar la formación de instrumentistas de música popular con un sistema moderno y ágil. Y con la finalidad de lograr tocar rápidamente el instrumento y de disfrutar la música.</p>
<p>Hay cursos pensados para todas las edades.</p>

<p>La Academia Musical Quilmes inició sus actividades en abril de 1992, dirigida por Margarita Swanston, con cursos de teclado simple y doble teclado. Gradualmente se incorporan otros cursos, en 1994 comienzan los de piano, en 1998 el Curso Estrellita, en 2001 las clases de guitarra y bajo y en 2003 &#8230;</p>
